(5). Let c = v + 10. Suppose 56 = c*k - 706. Is k a prime number?
False
Is 86058/147 + 8/14 prime?
False
Let g(m) = m**2 - 2*m + 6. Let p be (-2)/(-4) + (-1)/2. Suppose 0 = -p*j - j - 2*k - 9, 0 = 4*j + 3*k + 41. Is g(j) a composite number?
False
Suppose 3163 = -3*z + 7681. Let t = -965 + z. Is t prime?
True
Suppose 5*l = -3*p - p - 11, -10 = 5*p + 5*l. Suppose 13 = -3*j + p. Let n(f) = -104*f - 3. Is n(j) a prime number?
False
Let y(a) = a**3 - 7*a**2 - 9*a + 11. Let j be y(9). Suppose 0 = 3*c, -4*d = -8*d + 5*c + j. Is d a composite number?
False
Let r = -26 - -31. Suppose r*g - 6*g = -1189. Is g composite?
True
Let r(i) be the second derivative of i**3/3 - 7*i**2/2 + 3*i. Let p be r(12). Let g(y) = -y**2 + 21*y - 17. Is g(p) prime?
False
Let v = -1 + 9. Let d be 3080/(-224) - 1*2/8. Is ((-12)/v)/(1/d) a prime number?
False
Let v be ((-2)/5)/(-5 - 228/(-45)). Is (5339 - 2)*-2*1/v a composite number?
True
Let p(h) be the first derivative of 3*h**4/2 - 2*h**3 - 2*h**2 - 9*h + 3. Is p(5) a prime number?
True
Suppose 5*v = -6*v + 232969. Is v prime?
True
Suppose 4*m - 5*a - 30479 = -0*a, 5*a = -3*m + 22868. Is m a composite number?
False
Suppose 4*u = -4*y + 28040, 3*y + 28012 = 7*u - 3*u. Is u*(0 - (-4)/(-8) - -1) a prime number?
False
Suppose 8*v = 11040 + 57832. Is v composite?
False
Suppose 0 = -9*i - 6*i + 479415. Is i a composite number?
True
Let h = -69 + 79. Let n(p) be the third derivative of p**5/60 + p**4/12 - 11*p**3/6 + p**2. Is n(h) prime?
True
Let n(d) = -558*d**2 - d. Let k be n(1). Let p = 98 - 4. Let t = p - k. Is t a composite number?
False
Is (-2)/(-4)*(28428 + -34) prime?
True
Suppose 0 = -5*l + 18 + 7. Suppose 711 = l*z + 3*b + 97, 3*b = -3*z + 372. Suppose -2*p + 36 + 60 = -4*w, 2*p - z = -w. Is p a prime number?
False
Let a = 2838 - 439. Suppose n + a - 9880 = 0. Is n a prime number?
True
Let d(p) = 42*p**2 + 10*p + 3. Let q be d(-7). Let r = 2856 - q. Is r a prime number?
False
Suppose -3*i - 3*b = -12, -b + 8 = -2*i + 25. Suppose i*f - 4*f = -522. Is (-80)/12*f/8 prime?
False
Suppose -4*h + 42 + 46 = 0. Let k = h + -1. Is k a composite number?
True
Let s = 2651 - 1390. Is s a composite number?
True
Let l(r) = -r**3 + 4*r + 443 - r**3 + r**3 - 3*r. Let h be -1 - 1 - (-6)/3. Is l(h) composite?
False
Let q be (-8)/6*(-18)/8*-2. Suppose -5*v + 3140 = -0*v. Is q/4*v/(-6) composite?
False
Suppose 0 = -2*w + 3*w - 2*q - 2039, -2039 = -w + 5*q. Is w composite?
False
Let o(l) = 445*l**2 + 2*l. Let p = 41 + -42. Is o(p) a prime number?
True
Is (-4)/(-10)*673720/16 a prime number?
True
Suppose 0 = -2*y - 4*h, 4*y = 6*h - 3*h. Suppose -2*b + 1578 = -y*b. Is b prime?
False
Suppose -5*x + 16945 = -2*y + y, -2*y + 6778 = 2*x. Is x prime?
True
Suppose 4*n - 3*v = 3, 3*n = -n - 3*v - 3. Suppose 0 = -f - n*t + t + 17, 53 = 3*f - t. Is (-4)/f + (-3219)/(-27) a prime number?
False
Let q be 3 + (3 - 3) + 1. Is 7/14 - (-1674)/q a composite number?
False
Let k(d) = -d**3 + 6*d**2 - 5*d - 6. Let g be k(5). Let t(n) be the second derivative of 5*n**4/6 + 5*n**3/6 + n**2/2 + 28*n. Is t(g) a prime number?
True
Suppose 5*u - 168749 - 59766 = -5*o, 2*u + 4 = 0. Is o/27 - (-2)/9 a composite number?
False
Suppose -3*r - 4*l - 12 = -32, 0 = -4*l + 8. Suppose 5*a = 4*f - 116 - 660, r*f + 4*a = 812. Is f prime?
True
Suppose 5 = 4*u + u. Suppose 3*o - u = 2. Is o/(-6) + 660/72 composite?
True
Suppose -2*z + 6*z = 2*v - 826, v + 419 = -2*z. Is -1 + (-1 - 0) - (z + -9) prime?
False
Suppose 480 = 3*v + 129. Suppose -2*n + 3*n = -2*l + v, -2*n - 2*l + 236 = 0. Is n composite?
True
Suppose -2*c - y + 1 = 0, -3*c - 11 = -c + 5*y. Suppose 0 = -0*d + c*d - 1298. Suppose b - d = -4*t - 51, 0 = 3*b - 6. Is t prime?
True
Suppose 0*m + 4 = m. Suppose -6*i + m*i + 70 = 0. Is i prime?
False
Let l(z) = -22*z - 15*z + 7*z**3 + 7 - 19*z + 63*z. Is l(6) a composite number?
True
Suppose 0 = 3*a - 10 + 4. Suppose a*t - 5*y = 2149, -t = t - 2*y - 2164. Is t composite?
False
Let h(q) = 174*q**2 + 3*q + 2. Let d be h(-2). Suppose -4*s + 3840 - d = 0. Is s a prime number?
True
Is 3*((-50647)/(-21) - 96/(-168)) composite?
False
Let c(d) = d + 11. Let z be c(-6). Suppose 0 = z*l + 1054 - 6389. Is l a composite number?
True
Suppose 2*i = i - 2*b + 294, -5*i + 4*b = -1526. Let y = i + -175. Is y composite?
False
Let x(t) = -5*t**3 - 6*t**2 + 9*t - 12. Let y(r) = -6*r**3 - 5*r**2 + 10*r - 12. Let m(o) = 4*x(o) - 3*y(o). Is m(-7) a prime number?
True
Let x = 523 + -800. Let i = 62 - x. Is i composite?
True
Suppose 5*l = -0*l + 15815. Is l composite?
False
Let p = 7249 - 5045. Suppose -p = 2*y - 6*y. Is y a prime number?
False
Suppose 25 - 7 = -2*h - j, h - 3*j + 16 = 0. Let o = -31 + h. Let w = 92 + o. Is w composite?
True
Let m = 5678 - 477. Is m a prime number?
False
Let k be 39/15 - (-12)/30. Let x be (-5845)/14*2*-2. Suppose k*z - x = -191. Is z composite?
True
Let d(a) = a - 4. Let o be d(-11). Let c = o + 21. Is (-286)/(-3) - 2/c a prime number?
False
Let j(w) = 234*w**3 - 15*w**2 + 20. Is j(5) a prime number?
False
Let j(y) = -7*y + 6457. Is j(0) composite?
True
Let p(o) = 2*o**2 - 5*o - 9. Suppose w - 2*w - 5*m + 42 = 0, 4*m = 5*w - 268. Suppose 5*q = 3*c + 52, 4*q + 2*c - w = 7*c. Is p(q) a prime number?
True
Suppose 2764 = -5*a - 5*u + 33764, 3*a - u - 18588 = 0. Is a prime?
True
Let r(s) = s**3 + 10*s**2 + 13*s + 11. Let f(p) be the third derivative of -3*p**5/20 + p**3/6 - p**2. Let u be f(1). Is r(u) composite?
True
Let m(z) = z**3 - z**2 + 3*z**2 + 1 - 3*z**2 - 3*z. Let a be m(2). Is (35 - -2) + -1 + a prime?
False
Suppose -17*h + 22*h - 5 = 0. Is (h/(5/10))/((-2)/(-1439)) a prime number?
True
Suppose 9*w - 8*w + 12 = 0. Let n be (w/(-5) + -3)*15. Let r(y) = y + 20. Is r(n) a prime number?
True
Let s(j) = j**3 + 21*j**2 + 27*j - 10. Let y = -65 - -46. Is s(y) a composite number?
False
Suppose 28910 = 5*z + 5*c, -9*z - 5*c + 23131 = -5*z. Is z a composite number?
False
Let j be (4/(-5))/((-6)/75). Suppose 6*y - 54 = -0*y. Suppose 0 = -j*w + y*w + 118. Is w prime?
False
Suppose -h = -134 - 283. Let r = 668 - h. Is r a composite number?
False
Suppose -578850 = -12*x - 109206. Is x composite?
True
Let a(q) be the third derivative of 13*q**5/30 + q**4/12 - q**3/3 + 22*q**2. Is a(2) composite?
True
Suppose -52*p + 46342 = 6*p. Is p composite?
True
Let f(z) = 9 - 5 - 7*z**3 + 10*z + 5*z**2 + 8*z**3. Is f(7) a prime number?
False
Let q(j) = j + 1. Let g be q(0). Let t(u) = 6*u - 2. Let s be t(1). Is 183/s - g/(-4) a composite number?
True
Let m(f) = 128*f**2 - 20*f - 75. Is m(-4) prime?
True
Is (5219*2/(-4))/(2/(-4)) composite?
True
Is (492*146 + -4)/(2 + 2) composite?
False
Is (26/104)/(1/271948) prime?
True
Let v(m) = 24*m**2 - 4*m - 7. Let k be (2 - 11)*(-3 + 4). Is v(k) prime?
True
Let g(t) = 19*t - 59. Let l be g(3). Suppose 4 = 2*s - 4*f + 310, f = 4*s + 598. Is s/(2/4*l) a composite number?
False
Let p(z) = -z**3 - 3*z**2 + 4*z + 5. Let w be 1 - (3 + 2)*1. Let s be p(w). Let n(l) = 3*l**2 + 5*l - 3. Is n(s) composite?
False
Let l(i) = 40*i - 427. Is l(33) a prime number?
False
Let g = 104 + -58. Let r = 37 + g. Is r a prime number?
True
Let z = -4640 + 11341. Is z composite?
False
Suppose -2*i = 6*q - 2*q - 10, 4*i - 20 = -3*q. Suppose d + i*c = -3, 7 = 3*d - c - 0*c. Suppose -6*r = -3*r + 9, 5*r = d*b - 173. Is b prime?
True
Let z = -37 - -35. Let s(n) = 77*n**2 - 7*n - 5. Is s(z) prime?
True
Is 28010 + 17/((-68)/(-36)) a prime number?
True
Let q(d) = -3*d**3 + 3*d**2 + d + 1. Let z be q(-3). Let m be (-2641)/(-57) + 2/(-6). Suppose z - m = 4*a. Is a prime?
False
Suppose -c = 3*y + 3*c - 110539, -4*c - 20 = 0. Is y a prime number?
False
Let a = 139 - 64. Let z be (-3 - -3) + (-1)/(-1). Let y = a - z. Is y composite?
True
Suppose -2*s = 4*y - 1952, 5*y - 1665 = 2*s + 775. Let o = 711 - y. Is o a prime number?
True
Let x be 3 + (6/(-3) - (4 - 3)). Is 47*(0 + x + 31) a composite number?
True
Let c be 4/(-4)*1/((-1)/369). Suppose 5*x + 1790 = 5*a, 3*a + 2*x = 1428 - c. Is a prime?
False
Let v(n) = 410*n + 24. Let m be v(-5). Let g = m + 3848. Is g composite?
True
Suppose 28 = -0*q + 7*q. Suppose -2*i = 5*p - 16, q*i - 6 + 0 = 3*p. Is (-3)/p*(-1356)/18 a prime number?
True
Suppose 5*a + 6 = 6. Is ((a - -1) + 1795)*(-6)/(-24) prime?
True
Let s = -1036 - -736. Let b = 757